3
Let d be -4*(2/4)/(-1). Let u(p) = -2*p**2 + 4*p**d - p**2. Let n(v) = 5*v**2 + 2*v - 1. Let r(f) = -n(f) + 4*u(f). Calculate r(-3).
-2
Let o(l) = -4*l**3 + 4*l**2 + 4*l - 9. Let c be o(4). Let j be 24/(-10) - 1 - 74/c. Let u(y) = 2*y - y - 2*y**2 - 3 - y**3 + y. What is u(j)?
0
Let m = -11 + 13. Let f(l) = m*l - 5 + l - l**3 - l - 2*l**2. Calculate f(-4).
19
Let w(y) = -15*y**3 + y**2 - y - 2. Let r(j) = 2*j**2 - 19*j + 23. Let n be r(8). Determine w(n).
15
Suppose -16 - 5 = -3*h. Let p(b) = 7*b**2 - 5*b + 1. Let c(s) = -3*s**2 + 3*s - 1. Let o(n) = -5*c(n) - 2*p(n). Determine o(h).
17
Let y(s) = -14*s - 375. Let q be y(-27). Let x(l) = -3*l**2 + 2*l - 3. Determine x(q).
-24
Let x(r) be the first derivative of -11*r**4/4 - r**3/3 - r**2/2 - r - 9. Determine x(-1).
10
Let q(f) = -f**2 - 4*f - 1. Let c = 112 - 109. Let t be 62/5 - (-4)/(-10). Suppose -c*o - t = o. Calculate q(o).
2
Let r(u) be the second derivative of -u**4/12 + u**3/3 - u**2 + 82*u + 1. Determine r(4).
-10
Suppose -5*a + 2*a - 3 = 0. Let i(m) be the second derivative of 3*m**5/5 + m**3/6 + m**2/2 + 62*m. Determine i(a).
-12
Let w(f) = 1 - f - 16*f**3 - 22*f - f**2 + 24*f. Suppose 4 = 2*c - 6*c. Determine w(c).
15
Let h(y) = -y**2 - 2*y. Let k(a) = 22*a - 4. Let z be k(0). Calculate h(z).
-8
Let w(g) be the first derivative of 3*g**2 + 4*g - 137. Give w(-5).
-26
Let t(v) = -7*v**3 - 12*v**2 - 4*v - 3. Let c be t(-2). Let o(g) = -g**3 + 14*g**2 - 14*g + 2. Give o(c).
-11
Let b(g) = -37*g**2 + g + 10. Suppose -6*i - i = -35. Let d(a) = -25*a**2 + a + 7. Let n(p) = i*b(p) - 7*d(p). Give n(1).
-11
Let d(b) = -b**3 + 2*b**2 + 2*b + 1. Suppose -15 = 4*u + u. Let r be (0 - 1 - u) + -6. Let h be r/(-6)*12/4. Give d(h).
5
Let u(r) = -2 + 1 + 8 - 2 + 1 - 3*r. Suppose 2*m + z = 11, 4*z = m + 9*z - 19. Let w be u(m). Let g(q) = q**2 + 5*q. Calculate g(w).
6
Let s(y) = -2*y + 2. Let j = 16 + -14. Suppose -f - 6 = j*f. Give s(f).
6
Let r(a) be the third derivative of -a**4/8 - 5*a**3/3 - 274*a**2. Calculate r(9).
-37
Let r(j) = -9*j + 100. Let p be r(12). Let b(a) = -a**2 - 7*a + 13. What is b(p)?
5
Suppose -a - 3 = 8. Let c = a - -17. Let w(m) = -c*m**2 + 2 + 4*m**2 + 3*m + m**2. Give w(3).
2
Let p be 2*(51/6 - 8). Let h(b) = 3*b**2 + b - 3. Calculate h(p).
1
Let v = 459 + -463. Let r(t) = t**3 + t**2 - 10*t - 2. What is r(v)?
-10
Let c(i) be the first derivative of 3*i**4/2 - i**3/3 + i**2/2 - i - 908. Suppose -2 = m - 3*m. Determine c(m).
5
Let b(m) = -41 + 16 - 4*m**2 - 2*m + 26. Let q(f) = -f + 1. Let n be q(3). Calculate b(n).
-11
Let q(z) = 8*z - 5. Let t(v) = 42*v - 24. Let w(x) = 11*q(x) - 2*t(x). Give w(2).
1
Let y = -620 + 615. Let j(b) = -b**3 - 4*b**2 + 3*b + 2. Calculate j(y).
12
Let m(w) be the third derivative of w**5/30 + w**4/8 + w**3/6 - 74*w**2. What is m(-3)?
10
Let h = -87 - -84. Let f(v) = 4 + 3*v + 2*v + v - 2*v. What is f(h)?
-8
Suppose 3*q = 4*q - 2. Let o(m) = -3*m + 8. Let v(c) = 3*c - 9. Let k(b) = q*v(b) + 3*o(b). Determine k(5).
-9
Let m(x) = -x**3 - 11*x**2 - 11*x - 13. Let k = 231 + -241. Give m(k).
-3
Let z(f) be the first derivative of -f**3/6 + 4*f + 21. Let r(g) be the first derivative of z(g). Determine r(5).
-5
Let a(j) = -10*j + 21. Let i(n) = 19*n - 37. Let v(q) = 5*a(q) + 3*i(q). What is v(6)?
36
Let b(t) be the third derivative of -t**7/5040 + t**6/120 + 11*t**5/30 - 14*t**2. Let i(a) be the third derivative of b(a). Give i(6).
0
Let i(h) = 6*h - 1. Suppose 5*j = -7*x + 5*x - 36, 4*j - 5*x + 9 = 0. Determine i(j).
-37
Let f(b) = 81*b - 10 - 29*b - 22*b - 27*b. Calculate f(6).
8
Let i = -35 + 37. Let d be (-5 + 1 - -3)*-5. Suppose -5*w + i = v, d*w + 0 = 4*v - 33. Let t(j) = j**3 - 6*j**2 - 4*j - 10. What is t(v)?
11
Let z(q) = q**2 + 8*q - 8. Suppose 1199 = 4*b + 1231. What is z(b)?
-8
Let g(m) = -2 + 2*m**3 - 1 - 3*m**3 + m - m**2. Let a(i) = -6*i**2 - 2*i**3 + 52*i - 104*i + 53*i. Let b be a(-3). Calculate g(b).
12
Let a(n) be the second derivative of n**3/6 + 2*n**2 - 2*n. Let z = 1307 - 1313. Calculate a(z).
-2
Let i be (15/6)/((-3)/(-6)*-1). Let y(k) = k**2 + 5*k + 4. What is y(i)?
4
Let n(k) be the first derivative of -7*k**3/3 + k**2 + k + 205. Give n(-1).
-8
Suppose 0 = a - 11 + 5. Suppose 23 = -2*r + 5*i, 2*r - a*i + 8 = -4*i. Let u(m) = 20*m**3 - m**2 - m + 1. What is u(r)?
19
Let i(k) = k**3 + 5*k**2 - 6*k + 1. Suppose 5*v - 66 - 4 = 0. Suppose 2 - v = -3*y, 5*y = 3*r + 38. Determine i(r).
1
Suppose -4*p - 14 - 10 = 0. Let b = 9 + p. Let f(j) = -7 - 4*j**2 + 8 - j**2 - b*j + 4*j**2. Calculate f(2).
-9
Let t(s) = -461 + 467 + 355*s - 354*s. Let k = -4 - -4. Calculate t(k).
6
Let g be (5520/(-21))/16 + (-3)/(-7). Let u(v) = v**3 + 15*v**2 - 16*v - 4. Determine u(g).
-4
Let v(b) = 4*b - 1. Let q(s) = s**3 + 7*s**2 + 2*s - 19. Let h be q(-6). Calculate v(h).
19
Suppose 8*z - 7 = 9. Let u(g) = -2*g**2 - 49 + g - g**3 + 48 + 2*g**z. Calculate u(0).
-1
Let q(h) = -2*h - 3. Let w(s) = 6*s + 9. Let c(f) = 11*q(f) + 4*w(f). Calculate c(4).
11
Let f be 5 - 7 - (1 + 1). Let s(n) = n. Let c(v) = -v**3 - 4*v**2 + 2. Let h(t) = -c(t) - s(t). What is h(f)?
2
Let j(v) = v**2 + 5*v + 6. Let y be j(-9). Let f = y - 23. Suppose -4*q - h = -2*h - f, 0 = 2*q + 2*h - 12. Let p(g) = g**2 - 5*g - 6. What is p(q)?
-6
Let k(t) = -2*t - 8. Let w be (-1115)/(-75) + 4/30. Suppose w + 15 = -5*j. Determine k(j).
4
Let p(x) = 2*x - 4. Let r = -1405 + 1401. Determine p(r).
-12
Let p(q) = 36*q - 8 - 65*q + 30*q. Let m be p(10). Let k(u) = 3*u + 5. Let v(g) = -4*g - 4. Let b(t) = -5*k(t) - 6*v(t). Give b(m).
17
Let y(j) = j**3 + 17*j**2 - 2*j - 26. Let r be y(-17). Let c(z) = r*z**2 + 6*z + z + 88 - 97 + z**3. Calculate c(-7).
-9
Let n(m) = -2*m - 8 + 3*m**2 - 5*m**2 + 5*m**2. Let r(q) = -4*q**2 + 2*q + 9. Let b(v) = -5*n(v) - 4*r(v). Let o = 2 - 5. What is b(o)?
7
Let a(f) = 29 + 3*f + 30 - 138 + 33 + 4*f**2 - f**3 + 36. Determine a(4).
2
Let o(p) = 4*p**3 + p**2 - 2*p + 3. Suppose 25 = -19*x + 24*x, -2*y + 4*x = 16. Calculate o(y).
35
Suppose 11 = 2*o - 5*q, -5*o + 4*q - 203 + 205 = 0. Let l(n) = 3*n**2 + 3*n**2 - 5*n**2 - 2 + 3*n**3. Determine l(o).
-22
Let h(p) = -p**3 + p**2 + 4*p. Let b(g) be the second derivative of -1/2*g**2 + 0 - 2*g + 2/3*g**3. Let d be b(1). Calculate h(d).
-6
Let k(g) be the third derivative of -g**6/120 + 7*g**5/30 + 5*g**4/8 + 7*g**3/6 + 85*g**2. Calculate k(15).
7
Let d(i) = -3*i + 2. Suppose 5*n - 65 = 5*t, 0 = -5*n - 3*t - 0 + 33. Give d(n).
-25
Let v(x) be the first derivative of -x**5/20 + 7*x**4/12 - x**3 + 9*x**2/2 - 25*x + 15. Let y(s) be the first derivative of v(s). Determine y(6).
9
Let g(q) = 3*q**3 + q**2 - 56*q - 11. Let z(p) = p**3 - 22*p - 5. Let x(c) = 2*g(c) - 5*z(c). Let f = -8 - -5. Calculate x(f).
0
Let w(v) = v**2 + 5*v - 1. Suppose 23 = 10*l + 73. Determine w(l).
-1
Let o be 15/(-2)*2/(-3). Let k = o - -3. Suppose 3*p - 5*p - k = 0, -5*p = 4*a + 4. Let r(f) = -f**3 + 4*f**2. What is r(a)?
0
Let q be (15/(-20))/(3/(-36)). Let u = -4 + q. Suppose -2*o + 17 = u. Let r(l) = l**2 - 8*l + 7. Give r(o).
-5
Let p(k) be the first derivative of -2*k**3/3 - 8*k**2 - 10*k - 244. Calculate p(-10).
-50
Let q(z) = -19*z + 259. Let j be q(14). Let x(h) be the second derivative of -h**4/12 - 7*h**3/6 + 4*h**2 + h. What is x(j)?
8
Let c = -36 + 40. Let p(j) = j**3 - 4*j**2 - 3*j + 2. Give p(c).
-10
Let m(x) = 5*x - 9. Let j(k) = k**3 + k**2 - 13*k. Let b be j(-4). Give m(b).
11
Let b = -5 - -7. Let y(n) = 3 - 3 - n + b + 0. Let x = -766 - -761. Determine y(x).
7
Let s(a) = 5*a + 1. Suppose 4*c = 3*c + 3. Let o(f) = 3*f - 4 + f**2 - f**3 + 5 + f**2. Let j be o(c). What is s(j)?
6
Let p(n) be the third derivative of 0*n**4 - 2/3*n**3 + 0*n - 20*n**2 + 1/60*n**5 + 0. Calculate p(4).
12
Let z(v) = v**2 - 8*v + 2. Let y(o) = 4*o**2 - 32*o + 8. Let f(m) = -2*y(m) + 9*z(m). Suppose -3*p + 3*s = -6, -3*p = -4*s - 15 + 12. What is f(p)?
-13
Suppose -5*b = -14*b + 1332. Let n = 147 - b. Let c(o) = 4*o + 1. Determine c(n).
-3
Let d = -18 + 19. Let l(b) = 18*b**3 - 14*b**2 + 11*b + 8. Let c(g) = 12*g**3 - 9*g**2 + 7*g + 5. Let m(t) = 8*c(t) - 5*l(t). What is m(d)?
5
Let j = 1 - 4. Let w be j + 12/3 - 2. Let d(o) be the first derivative of 9*o**2/2 - 4. What is d(w)?
-9
Let z(w) = 52*w**3 + 4*w**2 + 2*w + 1. Let n(i) = -54*i**3 - 6*i**2 - 2*i -